atest common divisor of 302 and 7097?
151
What is the greatest common factor of 9 and 702?
9
Calculate the highest common factor of 47 and 423.
47
What is the highest common factor of 8775 and 45?
45
What is the highest common factor of 259 and 74?
37
Calculate the highest common factor of 3072 and 144.
48
What is the highest common divisor of 12 and 12?
12
What is the greatest common factor of 116 and 16?
4
What is the greatest common factor of 30 and 2562?
6
Calculate the highest common factor of 56 and 2611.
7
What is the highest common divisor of 41 and 2173?
41
Calculate the greatest common divisor of 530 and 11395.
265
What is the greatest common factor of 1938 and 6?
6
What is the highest common divisor of 55 and 66?
11
What is the greatest common factor of 170 and 935?
85
What is the greatest common factor of 14 and 189?
7
Calculate the greatest common factor of 28842 and 23.
23
What is the greatest common divisor of 413 and 118?
59
What is the highest common factor of 1372 and 84?
28
What is the greatest common factor of 408 and 2316?
12
Calculate the greatest common divisor of 5246 and 122.
122
Calculate the highest common divisor of 442 and 68.
34
What is the highest common divisor of 30 and 2580?
30
What is the highest common divisor of 42 and 18?
6
Calculate the greatest common divisor of 46 and 92.
46
What is the highest common factor of 9370 and 25?
5
Calculate the highest common divisor of 27 and 117.
9
Calculate the highest common factor of 27 and 135.
27
Calculate the greatest common divisor of 711 and 36.
9
Calculate the highest common divisor of 14 and 28042.
14
What is the greatest common divisor of 407 and 77?
11
Calculate the highest common divisor of 36 and 1548.
36
What is the greatest common divisor of 96 and 186?
6
What is the highest common factor of 819 and 2772?
63
What is the highest common divisor of 315 and 1197?
63
Calculate the highest common divisor of 28 and 1344.
28
Calculate the greatest common factor of 23 and 19.
1
What is the greatest common divisor of 2870 and 140?
70
What is the greatest common divisor of 564 and 12?
12
What is the greatest common factor of 11 and 3839?
11
What is the greatest common divisor of 374 and 884?
34
Calculate the highest common divisor of 13 and 3484.
13
Calculate the highest common factor of 13857 and 3.
3
What is the highest common divisor of 14 and 406?
14
What is the greatest common divisor of 2135 and 385?
35
What is the greatest common factor of 1010 and 10?
10
Calculate the greatest common divisor of 104 and 78.
26
Calculate the highest common divisor of 25 and 185.
5
What is the greatest common divisor of 135 and 15?
15
Calculate the highest common divisor of 4191 and 22.
11
Calculate the highest common factor of 17 and 51.
17
What is the highest common factor of 102 and 2346?
102
Calculate the greatest common factor of 85 and 102.
17
What is the greatest common divisor of 253 and 46?
23
What is the highest common factor of 2241 and 83?
83
What is the highest common divisor of 77 and 56?
7
Calculate the highest common factor of 75 and 1305.
15
Calculate the highest common factor of 46 and 207.
23
What is the highest common divisor of 880 and 132?
44
Calculate the greatest common divisor of 297 and 143.
11
Calculate the greatest common factor of 5988 and 24.
12
What is the highest common divisor of 192 and 48?
48
Calculate the highest common divisor of 504 and 56.
56
What is the highest common divisor of 2714 and 184?
46
Calculate the greatest common factor of 19 and 2299.
19
Calculate the highest common divisor of 11848 and 8.
8
What is the highest common divisor of 537 and 3?
3
What is the highest common divisor of 72 and 408?
24
Calculate the greatest common factor of 1 and 4035.
1
Calculate the greatest common divisor of 2291 and 1975.
79
What is the greatest common factor of 1634 and 418?
38
Calculate the greatest common divisor of 64 and 4000.
32
Calculate the highest common divisor of 1207 and 1.
1
What is the greatest common factor of 50 and 70?
10
Calculate the greatest common divisor of 14 and 14.
14
What is the highest common divisor of 260 and 234?
26
What is the highest common divisor of 5312 and 176?
16
What is the highest common factor of 2697 and 3?
3
Calculate the highest common divisor of 29632 and 64.
64
Calculate the greatest common factor of 6352 and 32.
16
What is the highest common divisor of 180 and 50?
10
Calculate the greatest common divisor of 114 and 31084.
38
Calculate the greatest common divisor of 10 and 1630.
10
What is the highest common divisor of 9 and 8595?
9
Calculate the highest common factor of 336 and 1792.
112
What is the greatest common factor of 1740 and 29?
29
What is the greatest common factor of 10 and 188590?
10
What is the highest common divisor of 12 and 28?
4
What is the highest common divisor of 20657 and 91?
91
What is the highest common factor of 60 and 90?
30
What is the greatest common factor of 121958 and 422?
422
Calculate the greatest common divisor of 64 and 13024.
32
What is the greatest common divisor of 249 and 5312?
83
Calculate the greatest common divisor of 216 and 48.
24
What is the highest common divisor of 891 and 1539?
81
Calculate the greatest common divisor of 39750 and 75.
75
Calculate the greatest common divisor of 158 and 41475.
79
Calculate the highest common divisor of 119 and 2737.
119
Calculate the highest common divisor of 5201 and 21.
7
What is the greatest common divisor of 13 and 221?
13
What is the highest common divisor of 162 and 1215?
81
What is the highest common divisor of 24 and 132?
12
What is the greatest common factor of 55 and 10?
5
What is the greatest common divisor of 18777 and 11?
11
Calculate the greatest common factor of 268 and 1742.
134
Calculate the greatest common divisor of 204 and 561.
51
Calculate the highest common divisor of 1493 and 1.
1
What is the highest common divisor of 9 and 369?
9
Calculate the greatest common divisor of 111 and 37.
37
What is the highest common factor of 32 and 488?
8
What is the greatest common divisor of 6 and 3?
3
What is the highest common divisor of 177 and 18939?
177
Calculate the greatest common divisor of 594 and 220.
22
What is the greatest common factor of 1062 and 6?
6
What is the greatest common factor of 558 and 234?
18
What is the greatest common divisor of 66 and 748?
22
What is the highest common factor of 35 and 70?
35
Calculate the greatest common factor of 18814 and 184.
46
What is the greatest common factor of 350 and 100?
50
What is the highest common factor of 287 and 369?
41
What is the highest common factor of 8 and 23720?
8
What is the highest common factor of 14917 and 7?
7
What is the greatest common divisor of 58 and 1653?
29
Calculate the greatest common factor of 583 and 53.
53
Calculate the highest common factor of 93 and 93.
93
Calculate the greatest common divisor of 27 and 675.
27
What is the highest common factor of 2088 and 60?
12
What is the greatest common factor of 465 and 35?
5
Calculate the greatest common factor of 60 and 1350.
30
Calculate the greatest common factor of 64 and 48.
16
What is the greatest common factor of 1078 and 1862?
98
What is the highest common factor of 3940 and 40?
20
Calculate the greatest common factor of 353 and 70247.
353
What is the greatest common divisor of 17410 and 10?
10
Calculate the highest common divisor of 910 and 4823.
91
What is the greatest common factor of 2 and 1874?
2
Calculate the highest common divisor of 897 and 91.
13
What is the greatest common divisor of 22 and 1177?
11
What is the highest common factor of 48 and 54?
6
What is the greatest common factor of 472 and 24?
8
What is the highest common factor of 615 and 135?
15
What is the highest common factor of 462 and 378?
42
Calculate the highest common divisor of 16 and 48.
16
Calculate the greatest common divisor of 210 and 2.
2
What is the greatest common factor of 85 and 187?
17
Calculate the highest common factor of 3606 and 10.
2
Calculate the greatest common factor of 2035 and 55.
55
What is the highest common factor of 1152 and 608?
32
Calculate the highest common divisor of 329 and 56.
7
Calculate the greatest common divisor of 7 and 14574.
7
What is the greatest common factor of 12